3, what is 696 + -4?
692
In base 7, what is -22 - 20?
-42
In base 9, what is 803 + -5?
787
In base 5, what is 210 - 13?
142
In base 9, what is -448 + 1?
-447
In base 16, what is 6 + 1f0?
1f6
In base 15, what is -8 - -15e?
156
In base 16, what is -7 + 24?
1d
In base 13, what is -5 - 1429?
-1431
In base 9, what is 5 - -1?
6
In base 14, what is 0 + -66?
-66
In base 11, what is 5a5 + -1?
5a4
In base 14, what is -ab + 2?
-a9
In base 9, what is -15 - -14?
-1
In base 2, what is 10 - -1110111?
1111001
In base 11, what is -3 + -7a?
-82
In base 3, what is 11 + -100020?
-100002
In base 11, what is -454 - 1?
-455
In base 3, what is -101 + -212212?
-220020
In base 6, what is 1453 - 105?
1344
In base 10, what is -2 - -7?
5
In base 15, what is -1 + -51?
-52
In base 9, what is 1140 - 5?
1134
In base 4, what is -20 - 210?
-230
In base 11, what is 5 - -72?
77
In base 14, what is 44 - -2?
46
In base 15, what is 114 - 0?
114
In base 7, what is 265 - -165?
463
In base 6, what is 410450 - 0?
410450
In base 4, what is 22 + 12103?
12131
In base 5, what is -2 - -1?
-1
In base 10, what is 1 + -1053?
-1052
In base 5, what is 134 + -2?
132
In base 9, what is -362 + 5?
-356
In base 15, what is -2 + -d?
-10
In base 9, what is 1 + -416?
-415
In base 4, what is -121 - 2123?
-2310
In base 15, what is 3 - 867?
-864
In base 3, what is -12 + 101210?
101121
In base 15, what is -3 - -74c?
749
In base 9, what is -1344 - 38?
-1383
In base 15, what is -5 + bea?
be5
In base 13, what is -112c + 6?
-1126
In base 15, what is -294 - 11?
-2a5
In base 13, what is -2678 - -3?
-2675
In base 5, what is 1 + -3034?
-3033
In base 7, what is 625 - -4?
632
In base 10, what is -5 - -9?
4
In base 14, what is 4 - -4a?
50
In base 2, what is 111000000 + -100?
110111100
In base 16, what is 1f52 + -3?
1f4f
In base 4, what is 3012 - 3?
3003
In base 15, what is caa - 3?
ca7
In base 5, what is -3 + 1103?
1100
In base 8, what is 1 + 62?
63
In base 15, what is 1047 - -2?
1049
In base 11, what is 77 + -1?
76
In base 11, what is -8 - 8a?
-97
In base 15, what is 5b + -28?
33
In base 15, what is -1 - -18a?
189
In base 7, what is -3460 - 5?
-3465
In base 7, what is -203 + 1?
-202
In base 8, what is 3 - 240?
-235
In base 15, what is -5 - -42?
3c
In base 16, what is 0 - -121?
121
In base 15, what is 4 - -c9?
cd
In base 4, what is 10 - 2023?
-2013
In base 10, what is -65 + -1?
-66
In base 2, what is 11110 - 1001?
10101
In base 16, what is -1 + 70?
6f
In base 16, what is 15 - -df?
f4
In base 10, what is 3 - 835?
-832
In base 14, what is -ca - 1?
-cb
In base 16, what is -98 - 2?
-9a
In base 4, what is 12 - 20?
-2
In base 4, what is 32 - 1?
31
In base 5, what is 33 - -23?
111
In base 7, what is 1423 - 1?
1422
In base 3, what is 110021 - 22?
102222
In base 12, what is -152 - 0?
-152
In base 12, what is 335 + 2?
337
In base 6, what is -2 + -51?
-53
In base 8, what is 375 - 4?
371
In base 12, what is 21 + -2?
1b
In base 7, what is 16 + 241?
260
In base 9, what is -4 - 26?
-31
In base 6, what is 0 + -2211?
-2211
In base 2, what is 110011 + -1?
110010
In base 8, what is 6 - -61?
67
In base 14, what is -5 + 68?
63
In base 9, what is 0 - -805?
805
In base 16, what is -6 - 5?
-b
In base 7, what is -50 + 4?
-43
In base 9, what is -237 - -52?
-175
In base 10, what is 14 - -23?
37
In base 15, what is 1 + -81?
-80
In base 6, what is 205 - 4?
201
In base 12, what is -2 + 179?
177
In base 15, what is 3 + -18?
-15
In base 4, what is -1 - -222102?
222101
In base 10, what is 280 - 14?
266
In base 14, what is -87 - -3d?
-48
In base 7, what is 32101 + 6?
32110
In base 10, what is 156 + 12?
168
In base 11, what is -4 - -11?
8
In base 14, what is 3 - 6?
-3
In base 13, what is -c - -cb?
bc
In base 8, what is 1 + -465?
-464
In base 6, what is -1 - 221?
-222
In base 6, what is -344 - -34?
-310
In base 14, what is 30 + -4?
2a
In base 11, what is 19 - 15?
4
In base 10, what is 37 + 13?
50
In base 2, what is 0 + -11110001?
-11110001
In base 7, what is 2111 + 1?
2112
In base 15, what is 8 - -68a?
693
In base 13, what is 22a + -4?
226
In base 5, what is 130 - 1?
124
In base 8, what is 13 + -7?
4
In base 4, what is 1 + -2231?
-2230
In base 14, what is -20 + -16b?
-18b
In base 8, what is -4 + -25?
-31
In base 2, what is -11000001011 - 10001?
-11000011100
In base 10, what is -17 - 4?
-21
In base 3, what is 111 - 11111?
-11000
In base 15, what is 3 + 10?
13
In base 12, what is 172a - -8?
1736
In base 16, what is 2 - 7?
-5
In base 7, what is 630 - 3?
624
In base 6, what is -535 + -34?
-1013
In base 8, what is 10 + 2033?
2043
In base 4, what is 33220 - -10?
33230
In base 13, what is 1 - -98?
99
In base 10, what is 432 + -14?
418
In base 16, what is 5 + 578?
57d
In base 14, what is 124 + -2a?
d8
In base 5, what is -320201 - 3?
-320204
In base 10, what is -2 - 202?
-204
In base 14, what is -636 + -4?
-63a
In base 2, what is -1100101 - -110?
-1011111
In base 2, what is 101100 + 110?
110010
In base 6, what is 133 + 402?
535
In base 15, what is 17 - -2b0?
2c7
In base 3, what is 1112200 - 0?
1112200
In base 12, what is -3 + 65?
62
In base 7, what is 2332 + -1?
2331
In base 16, what is -84 + 45?
-3f
In base 11, what is -51 - 14?
-65
In base 12, what is 532 - -4?
536
In base 4, what is -22 + -1?
-23
In base 12, what is a + 30?
3a
In base 2, what is 11 - -101100?
101111
In base 2, what is 111 + 11011?
100010
In base 6, what is -1002 + 2?
-1000
In base 8, what is -62 + 37?
-23
In base 15, what is -1 + 91?
90
In base 14, what is -2 - 20?
-22
In base 10, what is 354 - -17?
371
In base 15, what is 25 + -4?
21
In base 16, what is -5 - 64d?
-652
In base 16, what is 7 - 2a?
-23
In base 11, what is 118 + 5?
122
In base 13, what is 17 - 20?
-6
In base 2, what is 100 - -10101110?
10110010
In base 16, what is 1a - 67?
-4d
In base 14, what is 0 + -58?
-58
In base 11, what is a - -39?
48
In base 5, what is -1203 + 4?
-1144
In base 14, what is 10ac8 - 5?
10ac3
In base 8, what is -3 + -2522?
-2525
In base 13, what is -1 - 244?
-245
In base 14, what is 66 + 5?
6b
In base 13, what is -9c + -5?
-a4
In base 13, what is 486 + 6?
48c
In base 10, what is 312 + -1?
311
In base 15, what is 0 - 60?
-60
In base 8, what is 3 + 73?
76
In base 9, what is -1 - 126?
-127
In base 3, what is 11 - 202100?
-202012
In base 5, what is -342 - -1?
-341
In base 5, what is -4 - 1021?
-1030
In base 3, what is 10 + -21111?
-21101
In base 14, what is 14b5 - -3?
14b8
In base 11, what is -1604 - -5?
-15aa
In base 3, what is 22 + 11022?
11121
In base 2, what is -110 + 11111?
11001
In base 12, what is 15 + -b?
6
In base 2, what is 11 + -1011?
-1000
In base 12, what is -135 + 0?
-135
In base 3, what is -12 + 201011?
200222
In base 2, what is -101 + 100100001?
100011100
In base 5, what is -132 - -23?
-104
In base 13, what is -11 - 58?
-69
In base 2, what is 11111011 + -10?
11111001
In base 13, what is 2 - 366?
-364
In base 8, what is -11422 + -1?
-11423
In base 7, what is -1 + -204?
-205
In base 10, what is -1155 + -4?
-1159
In base 12, what is 54 + 3?
57
In base 11, what is -3 + 5aa?
5a7
In base 10, what is -287 + 2?
-285
In base 7, what is -4 - 3121?
-3125
In base 14, what is 3 - -1?
4
In base 6, what is 11 - -1352?
1403
In base 13, what is 19 + -b7?
-9b
In base 6, what is 0 - 20314?
-20314
In base 3, what is 100201 + -12?
100112
In base 15, what is 13 + 11a?
12d
In base 9, what is -616 - -5?
-611
In base 16, what is -b7f8 + -5?
-b7fd
In base 7, what is 3 + 2262?
2265
In base 8, what is 3 + 1605?
1610
In base 12, what is -345 - -1?
-344
In base 12, what is -420 + 3?
-419
In base 16, what is 8b + 5?
90
In base 14, what is -5 - 63?
-68
In base 13, what is -46 + 1?
-45
In base 10, what is -171 + 115?
-56
In base 2, what is 101 - 101110000000?
-101101111011
In base 7, what is -4 - -1645?
1641
In base 13, what is -8 - 29?
-34
In base 6, what is 5 - 54403?
-54354
In base 11, what is 11 - -686?
697
In base 10, what is -686 - -11?
-675
In base 4, what is 2 - -120100?
120102
In base 4, what is 22 - -22103?
22131
In base 16, what is 5 - 5a?
-55
In base 10, what is 313 - -4?
317
In base 7, what is -3200 - 1?
-3201
In base 3, what is 111 - 11?
100
In base 12, what is -2 - 248?
-24a
In base 5, what is -10 + 3104?
3044
In base 2, what is 100 + 11011010?
11011110
In base 9, what is 3870 - -4?
3874
In base 10, what is -4 